mposite number?
True
Is 86782 composite?
True
Is 508787 composite?
True
Is 145057 prime?
False
Is 70715 composite?
True
Is 24853 composite?
True
Is 1807387 a prime number?
True
Is 556289 a prime number?
True
Is 12499 prime?
False
Is 4955 prime?
False
Is 26651 composite?
True
Is 100831 composite?
True
Is 4309 composite?
True
Is 1882 a prime number?
False
Is 46259 a composite number?
True
Is 138041 a prime number?
True
Is 37531 a prime number?
False
Is 94307 prime?
True
Is 215827 composite?
False
Is 176071 a composite number?
True
Is 1284763 a composite number?
False
Is 8301 a prime number?
False
Is 84839 a composite number?
True
Is 2581 prime?
False
Is 59681 composite?
True
Is 45383 composite?
True
Is 51593 prime?
True
Is 21871 prime?
True
Is 99707 a prime number?
True
Is 681311 prime?
True
Is 360163 a prime number?
True
Is 204297 composite?
True
Is 1379129 composite?
False
Is 973963 composite?
True
Is 3691 a prime number?
True
Is 54371 composite?
False
Is 196111 a prime number?
True
Is 1543259 composite?
False
Is 1801 prime?
True
Is 137177 prime?
True
Is 44059 a composite number?
False
Is 28685 prime?
False
Is 3610673 prime?
False
Is 75269 composite?
False
Is 905539 a prime number?
False
Is 179857 a composite number?
True
Is 2698699 prime?
False
Is 3089 a prime number?
True
Is 53294 a composite number?
True
Is 12197 prime?
True
Is 746 prime?
False
Is 50671 a prime number?
True
Is 28285 a prime number?
False
Is 256127 composite?
True
Is 4287 a composite number?
True
Is 89261 prime?
True
Is 1481279 a composite number?
True
Is 317049 prime?
False
Is 7861 a composite number?
True
Is 443 a composite number?
False
Is 11015 composite?
True
Is 43853 composite?
False
Is 11309 a composite number?
True
Is 9587 a prime number?
True
Is 271487 composite?
True
Is 60035 composite?
True
Is 384019 a composite number?
True
Is 44531 composite?
False
Is 6121 prime?
True
Is 6287 a prime number?
True
Is 32603 a prime number?
True
Is 80761 a composite number?
False
Is 69191 a prime number?
True
Is 153991 prime?
True
Is 354581 prime?
True
Is 497 a prime number?
False
Is 7283 a composite number?
False
Is 235 a composite number?
True
Is 34211 a prime number?
True
Is 684631 composite?
True
Is 5941 a composite number?
True
Is 1124509 a composite number?
False
Is 30959 composite?
True
Is 7411 a composite number?
False
Is 8191 a composite number?
False
Is 96137 composite?
False
Is 8013 a prime number?
False
Is 568577 prime?
True
Is 110681 a composite number?
False
Is 303529 a prime number?
True
Is 59765 a composite number?
True
Is 52147 a composite number?
False
Is 863419 prime?
False
Is 4865327 a composite number?
False
Is 24845 prime?
False
Is 1087 a composite number?
False
Is 233321 a prime number?
False
Is 37211 prime?
False
Is 194009 composite?
True
Is 67741 prime?
True
Is 59155 a composite number?
True
Is 22681 a prime number?
False
Is 2531 a prime number?
True
Is 2077715 prime?
False
Is 6311 composite?
False
Is 362443 a prime number?
True
Is 539129 a prime number?
True
Is 14959 a composite number?
True
Is 2602 prime?
False
Is 130105 prime?
False
Is 49019 composite?
False
Is 1252799 composite?
False
Is 911 composite?
False
Is 87547 composite?
False
Is 21179 a composite number?
False
Is 1949 composite?
False
Is 1616719 composite?
True
Is 2820457 prime?
False
Is 35521 composite?
False
Is 261881 a composite number?
False
Is 6737 composite?
False
Is 126097 composite?
False
Is 76193 prime?
False
Is 5897 composite?
False
Is 1200179 a prime number?
True
Is 3637 prime?
True
Is 82651 prime?
True
Is 22613 a prime number?
True
Is 208627 a composite number?
False
Is 15601 composite?
False
Is 433991 a prime number?
False
Is 1231 a prime number?
True
Is 3314 composite?
True
Is 27509 a prime number?
True
Is 376093 a prime number?
False
Is 307351 a composite number?
True
Is 1535 prime?
False
Is 21859 composite?
False
Is 39823 prime?
False
Is 186071 prime?
True
Is 151157 composite?
False
Is 287141 a prime number?
True
Is 7403 a prime number?
False
Is 20621 prime?
False
Is 258407 composite?
False
Is 300473 a prime number?
False
Is 787 a prime number?
True
Is 33595 prime?
False
Is 91157 composite?
True
Is 3647 prime?
False
Is 1383 prime?
False
Is 53881 composite?
False
Is 9111 a composite number?
True
Is 13173 prime?
False
Is 948718 a prime number?
False
Is 94865 a composite number?
True
Is 1827403 composite?
True
Is 855089 a composite number?
False
Is 95143 prime?
True
Is 109 prime?
True
Is 30917 prime?
False
Is 224797 composite?
False
Is 704549 prime?
True
Is 342179 a prime number?
True
Is 9655 a composite number?
True
Is 115633 prime?
False
Is 24733 prime?
True
Is 298553 a composite number?
True
Is 307 a composite number?
False
Is 19841 a prime number?
True
Is 81761 composite?
False
Is 1796759 a prime number?
True
Is 41801 a composite number?
False
Is 1726817 prime?
False
Is 307471 a prime number?
True
Is 40009 a prime number?
True
Is 307253 a prime number?
True
Is 93919 a prime number?
False
Is 293351 prime?
True
Is 10753 a composite number?
False
Is 863 prime?
True
Is 6271 a prime number?
True
Is 547337 a prime number?
False
Is 167707 a composite number?
True
Is 10847 composite?
False
Is 1169819 prime?
False
Is 706703 a prime number?
True
Is 24253 a prime number?
False
Is 10007 a composite number?
False
Is 63743 a prime number?
True
Is 462821 a composite number?
True
Is 16799 prime?
False
Is 592297 composite?
True
Is 10061 composite?
False
Is 741631 a composite number?
True
Is 48947 prime?
True
Is 130173 composite?
True
Is 19289 prime?
True
Is 44483 a prime number?
True
Is 138151 a prime number?
False
Is 39523 prime?
False
Is 35589 a prime number?
False
Is 147037 composite?
True
Is 449 prime?
True
Is 58663 a composite number?
True
Is 129011 composite?
False
Is 2219 prime?
False
Is 176629 prime?
True
Is 65899 prime?
True
Is 22769 a prime number?
True
Is 511 prime?
False
Is 31235 a composite number?
True
Is 1259 prime?
True
Is 11887 composite?
False
Is 6011 prime?
True
Is 82633 a composite number?
False
Is 432721 composite?
False
Is 557777 a composite number?
True
Is 60869 a prime number?
True
Is 194011 a composite number?
True
Is 144151 a composite number?
True
Is 4201 a prime number?
True
Is 20161 a prime number?
True
Is 90445 a composite number?
True
Is 85103 a composite number?
False
Is 5245 prime?
False
Is 1379861 a prime number?
False
Is 188563 a composite number?
False
Is 37055 prime?
False
Is 2335 a prime number?
False
Is 31909 composite?
True
Is 132019 prime?
True
Is 15727 a composite number?
False
Is 23461 a composite number?
True
Is 424613 composite?
True
Is 72719 a composite number?
False
Is 143123 a prime number?
False
Is 221849 a prime number?
True
Is 52971 a prime number?
False
Is 35419 a prime number?
True
Is 990703 a composite number?
True
Is 10321 composite?
False
Is 955349 a composite number?
True
Is 358051 a prime number?
True
Is 10537 composite?
True
Is 14923 a composite number?
False
Is 358529 a prime number?
False
Is 128881 a composite number?
True
Is 16729 a prime number?
True
Is 40219 composite?
True
Is 5297 a prime number?
True
Is 64513 a prime number?
True
Is 88699 composite?
True
Is 3826 composite?
True
Is 8482 composite?
True
Is 631789 a composite number?
False
Is 184901 prime?
True
Is 352387 a composite number?
True
Is 64339 prime?
False
Is 8117 a composite number?
False
Is 422693 a composite number?
True
Is 158753 composite?
True
Is 347062 prime?
False
Is 733619 composite?
False
Is 33457 composite?
False
Is 49186 a composite number?
True
Is 721859 composite?
False
Is 70331 a composite number?
True
Is 11153 prime?
False
Is 18323 prime?
False
Is 7027 prime?
True
Is 82439 a prime number?
False
Is 21731 prime?
False
Is 13085 a composite number?
True
Is 6481 composite?
False
Is 158933 prime?
False
Is 5623 prime?
True
Is 19813 a prime number?
True
Is 15307 a composite number?
False
Is 15053 composite?
False
Is 16481 a composite number?
False
Is 9811 a prime number?
True
Is 165779 a composite number?
False
Is 236549 a prime number?
True
Is 66161 a composite number?
False
Is 122201 a composite number?
False
Is 55841 a composite number?
True
Is 227977 a composite number?
False
Is 28687 composite?
False
Is 13837 a composite number?
True
Is 96361 a prime numb